{"id":1513,"date":"2018-10-24T14:24:25","date_gmt":"2018-10-24T14:24:25","guid":{"rendered":"http:\/\/www.gokberkcan.com\/?page_id=1513"},"modified":"2020-01-27T20:21:27","modified_gmt":"2020-01-27T17:21:27","slug":"bagimsiz-denetim","status":"publish","type":"page","link":"https:\/\/www.gokberkcan.com\/?page_id=1513","title":{"rendered":"Ba\u011f\u0131ms\u0131z Denetim"},"content":{"rendered":"\n<figure class=\"wp-block-gallery columns-1 is-cropped wp-block-gallery-1 is-layout-flex wp-block-gallery-is-layout-flex\"><ul class=\"blocks-gallery-grid\"><li class=\"blocks-gallery-item\"><figure><img loading=\"lazy\" decoding=\"async\" width=\"791\" height=\"1024\" src=\"https:\/\/www.gokberkcan.com\/wp-content\/uploads\/2020\/01\/BD-791x1024.png\" alt=\"\" data-id=\"1774\" data-full-url=\"https:\/\/www.gokberkcan.com\/wp-content\/uploads\/2020\/01\/BD.png\" data-link=\"https:\/\/www.gokberkcan.com\/?attachment_id=1774\" class=\"wp-image-1774\" srcset=\"https:\/\/www.gokberkcan.com\/wp-content\/uploads\/2020\/01\/BD-791x1024.png 791w, https:\/\/www.gokberkcan.com\/wp-content\/uploads\/2020\/01\/BD-232x300.png 232w, https:\/\/www.gokberkcan.com\/wp-content\/uploads\/2020\/01\/BD-768x994.png 768w, https:\/\/www.gokberkcan.com\/wp-content\/uploads\/2020\/01\/BD-1187x1536.png 1187w, https:\/\/www.gokberkcan.com\/wp-content\/uploads\/2020\/01\/BD-1200x1553.png 1200w, https:\/\/www.gokberkcan.com\/wp-content\/uploads\/2020\/01\/BD.png 1266w\" sizes=\"auto, (max-width: 791px) 100vw, 791px\" \/><\/figure><\/li><\/ul><\/figure>\n\n\n\n<p><a href=\"https:\/\/www.egitimyayinevi.com\/kitap\/bagimsiz-denetim-gokberk-can-9786057557049\">Ba\u011f\u0131ms\u0131z Denetim<br><\/a>Do\u00e7. Dr. Kadir Dabbo\u011fo\u011flu<br>Dr. G\u00f6kberk Can<\/p>\n","protected":false},"excerpt":{"rendered":"<p>Ba\u011f\u0131ms\u0131z DenetimDo\u00e7. Dr. Kadir Dabbo\u011fo\u011fluDr. G\u00f6kberk Can<\/p>\n","protected":false},"author":1,"featured_media":0,"parent":0,"menu_order":0,"comment_status":"closed","ping_status":"closed","template":"","meta":{"footnotes":""},"class_list":["post-1513","page","type-page","status-publish","hentry"],"_links":{"self":[{"href":"https:\/\/www.gokberkcan.com\/index.php?rest_route=\/wp\/v2\/pages\/1513","targetHints":{"allow":["GET"]}}],"collection":[{"href":"https:\/\/www.gokberkcan.com\/index.php?rest_route=\/wp\/v2\/pages"}],"about":[{"href":"https:\/\/www.gokberkcan.com\/index.php?rest_route=\/wp\/v2\/types\/page"}],"author":[{"embeddable":true,"href":"https:\/\/www.gokberkcan.com\/index.php?rest_route=\/wp\/v2\/users\/1"}],"replies":[{"embeddable":true,"href":"https:\/\/www.gokberkcan.com\/index.php?rest_route=%2Fwp%2Fv2%2Fcomments&post=1513"}],"version-history":[{"count":2,"href":"https:\/\/www.gokberkcan.com\/index.php?rest_route=\/wp\/v2\/pages\/1513\/revisions"}],"predecessor-version":[{"id":1776,"href":"https:\/\/www.gokberkcan.com\/index.php?rest_route=\/wp\/v2\/pages\/1513\/revisions\/1776"}],"wp:attachment":[{"href":"https:\/\/www.gokberkcan.com\/index.php?rest_route=%2Fwp%2Fv2%2Fmedia&parent=1513"}],"curies":[{"name":"wp","href":"https:\/\/api.w.org\/{rel}","templated":true}]}}